+ c) a composite number?
False
Let n(q) = -q**2 - 4 - 1 + 2*q**2 + 3*q. Let g be n(-5). Suppose g*b - 2*b - 38 = -4*k, -2*b = -2*k - 2. Is b prime?
False
Suppose 14 = 4*b + 2. Suppose 0 = -5*m + 5*x + 2170, 5*m - b*x + 2*x = 2182. Is m a prime number?
False
Let q(o) = 2*o - 5. Let n be q(5). Suppose 3*h = s + 433, -4*h + 582 = n*s - 4*s. Let i = 264 - h. Is i prime?
False
Suppose -201 = -7*c + 2*c - 2*p, 3*p - 204 = -5*c. Let h be (c - -1) + 0 - -1. Let f = h + 78. Is f composite?
True
Let z(c) = 7*c + 5. Let f(l) = -13*l - 9. Let j(u) = -4*f(u) - 7*z(u). Suppose -2 = 3*b - 5. Is j(b) composite?
True
Suppose 0 = -d - v + 129, -4*d + 2*v + 279 = -225. Is d a composite number?
False
Is 52 + (7/(-14) - (-5)/(-2)) prime?
False
Suppose 3*m - 5*i - 1240 = 0, 4*m + 251 - 1912 = -i. Is m a composite number?
True
Let j(x) = 20*x - 14. Is j(9) prime?
False
Let x(w) = -w + 22. Let g be x(0). Suppose -2*j = 5*v - 4*j - g, 2*j + 4 = 2*v. Is v prime?
False
Let t = 106 - 35. Suppose -57 = -4*a + t. Suppose -3*u + r = -a, -4*r = 5*u - 13 - 29. Is u prime?
False
Suppose -3*h + 914 = 2*m, 4*h + m - 1192 = 5*m. Is h prime?
False
Let u be 2/8 - (-8)/(-32). Suppose 4*i - 1017 = -3*d + 3*i, -4*d + 3*i + 1356 = u. Is d a composite number?
True
Let i = 54 - -5. Is i prime?
True
Suppose -4*a - 606 - 59 = -3*n, 0 = 2*n - 4*a - 442. Is n a prime number?
True
Let p(c) = -5*c + 12. Let m(g) = -11*g + 25. Let i(q) = 4*m(q) - 9*p(q). Let f be i(0). Let v = f - -19. Is v a prime number?
True
Suppose 2*y - y - 677 = 0. Is y a prime number?
True
Suppose 0 = -45*f + 49*f - 4748. Is f prime?
True
Suppose -15909 = -5*w + 2*x, 3*x - 6356 = -0*w - 2*w. Is w prime?
True
Is 47172/20 + 3 - (-8)/20 a composite number?
True
Let d = 16 - 7. Let b be 24/(-5)*(-30)/d. Suppose -4*w = -164 + b. Is w a composite number?
False
Suppose -28 = -2*k + 74. Is k a composite number?
True
Suppose -a + 1719 = 2*a. Is a a composite number?
True
Suppose -5*g = b - 117, 4*g = b - 3*b + 210. Is b prime?
True
Suppose a = -5*s - 21, -5*s - 15 = -3*a + 22. Let k be 1*a*(-7)/2. Let f = k + 36. Is f composite?
True
Is (-82)/(-1)*56/16 composite?
True
Suppose -5*w + 4715 = 1260. Is w prime?
True
Let n be 0 - -2*1/1. Suppose 4*q - 2*a = q + 65, n*q - 25 = 5*a. Is q prime?
False
Suppose -97426 - 18629 = -9*q. Is q a composite number?
True
Suppose -4*v + 32 = -4*a, 2*v - 6*v + a = -26. Suppose q - 381 = 2*j, -v*j + j = 0. Is q a composite number?
True
Suppose -f = 1 + 15. Is 6/(2/1) - f a prime number?
True
Let h be 4/10 + (-16)/(-10). Is ((-1)/h*-182)/1 prime?
False
Suppose -3639 = -3*g - 2*r, 2*r - 2 = 4. Is g a composite number?
True
Let m be 1/((-4)/(-3) + -1). Let x(v) = 3*v - 10 - m*v + 9 + 28*v**2. Is x(-3) a composite number?
False
Let i be (1/2)/((-3)/(-18)). Suppose -v + q + i + 5 = 0, 5*v - 12 = -2*q. Suppose -g + 24 = -5*j, v*g - 3*j = 2*j + 81. Is g a prime number?
True
Let h(v) = 7 - 7 - 55*v. Is h(-1) prime?
False
Let x be (-3)/(-9) + 5/3. Suppose -x*o + 7*o = 2*u - 95, 0 = -5*u + o + 180. Is u a composite number?
True
Suppose -6*f + 6 = -3*f + 2*u, -15 = f - 5*u. Suppose f = d + 2*y - 349, 4*d + 205 = -5*y + 1589. Is d composite?
True
Let f(r) = r - 6. Let z be f(6). Suppose -j = -z*j. Suppose j*k + k = 211. Is k a prime number?
True
Let r(w) = -w**2 - 2*w + 3. Let l be r(4). Is (l/(-14))/((-6)/(-76)) a composite number?
False
Suppose -5*t + 2*t = 2*r + 11, -t - 3 = 0. Let h be (-7 - r)*(-1)/(-1). Is (-254)/h*3/1 prime?
True
Let b = 9 - 7. Is (-1570)/(-5)*1/b prime?
True
Let z(s) = s**2 + 11*s - 12. Let x be z(-12). Suppose -c - n = -x*c - 26, -c = 2*n - 21. Is c a composite number?
False
Let y(p) = 240*p**2 + 3*p + 1. Is y(-2) composite?
True
Let r(y) = y**3 + 4*y**2 - y + 1. Let h be r(-4). Let f be 2/h - 4/10. Suppose f = -w - 2*w + 138. Is w prime?
False
Let n(t) = 4*t**3 - 10*t**2 - 5. Let i(d) = -d**3 + d**2 - d - 1. Let o(c) = c**2 + 4*c + 1. Let l be o(-4). Let x(z) = l*n(z) + 5*i(z). Is x(-7) composite?
True
Let t(i) = 70*i - 10. Let h be t(10). Suppose 7*k - h = k. Is k a prime number?
False
Let v = 22 + -16. Suppose -11 = 2*t + 5*q, v*t = 2*t + 3*q - 35. Let z(l) = -l**3 - 4*l**2 - 3*l + 7. Is z(t) a composite number?
True
Suppose 0 = 3*z + 5*b - 3692 - 983, 0 = 4*z - b - 6218. Is z a composite number?
True
Let r(o) be the second derivative of o**3/2 - 5*o**2/2 - 6*o. Let i(g) = -4*g - 4. Let p be i(-3). Is r(p) prime?
True
Let o(g) = 36*g**2 + 1. Let q(c) = -c**3 - 2*c**2 + 5*c + 4. Let f be q(-3). Is o(f) prime?
False
Suppose -10*o + 18 = -7*o. Is (8/o)/4*105 a prime number?
False
Let s be ((-3)/2)/(9/(-24)). Suppose -s*y + 8 = -8. Is (y + 0)*19/4 a prime number?
True
Is 1 - 3 - (-3 + -370) a prime number?
False
Suppose 0 = -y + 2*n + 2546, -2*y - y + 3*n = -7623. Is (2/4)/(4/y) composite?
False
Let y = 5422 + -2267. Is y prime?
False
Suppose 684 = 2*l - 1352. Is l a composite number?
True
Let y be (-16)/40 + 656/(-10). Is (-1)/2*y + -2 composite?
False
Let q(z) = 3*z + z**2 - 13*z + z**3 - 10*z**2 + 7. Is q(10) a composite number?
False
Suppose 5*z + 25 = 6*s - 5*s, 0 = 3*s - z - 5. Suppose -3*b + 12 = -s*b. Suppose b*k - 26 = 62. Is k a prime number?
False
Suppose 2*z = 2*l - 6*l - 12, -5*l = -4*z + 15. Let t be l*(1 + (-48)/9). Let a = t + 40. Is a composite?
False
Suppose -17 = -a + 386. Is a composite?
True
Let s = -262 - -497. Is s a prime number?
False
Let m(q) = -q + 2. Let n be m(0). Let g be 3 - ((-4)/(-2) + n). Is (26/(-1))/g - 1 composite?
True
Suppose -5 = -3*z + 1. Let i(w) = 7*w**2 + 2*w + 0*w**z - 5 + 4. Is i(2) composite?
False
Let l be (12/(-21))/(6/(-21)). Suppose l*o = 23 + 7. Is 3*-7*o/(-9) prime?
False
Let m(s) = -s**3 + s**2 + 2. Let o be m(0). Suppose -o*k = -0 - 20. Is k composite?
True
Let f(g) = 2*g. Let v be f(4). Suppose -v*h + 5*h = -237. Is h composite?
False
Let j = 3 + 0. Let q be (-4)/12 + 187/j. Suppose 5*c - q = h, -2*c = -3*h - 5 - 12. Is c prime?
True
Suppose -3*w + 1 = -5. Suppose -j = -w*j - 15. Is 5*2/((-6)/j) prime?
False
Suppose 0 = -4*t - 3*s - 28, 0*t - 5*s = -t + 16. Is 124/(8/t - -4) prime?
False
Let i = -6 - -36. Let d be i/9*24/20. Suppose d*o = 938 - 174. Is o a prime number?
True
Suppose 1724 = o + 3*o. Is o composite?
False
Let q be 4/6 + 1816/(-6). Let n = 139 + q. Is n/(0 - (1 - 0)) a composite number?
False
Let g = -7 - -12. Suppose -1020 = -g*o - i + 4*i, 10 = -2*i. Is o a prime number?
False
Let q(n) = -n**2 + 21*n - 13. Let d = 5 - -5. Is q(d) prime?
True
Let f(b) = b**2 - 4*b - 2. Let q be f(4). Let p be q/5 + (-54)/(-10). Suppose 0 = p*g - 3*g - 178. Is g prime?
True
Let a(y) = y**2 + y + 1. Let c be a(4). Suppose 5*z - c = -2*x - 0*z, -5*x + 2*z = -125. Is x composite?
False
Let p be 2/(-5) + (-66)/(-15). Suppose -4*l + 5*m = -133, -l + p*m + 31 = 2*m. Is l composite?
False
Suppose -3*x = -2*f + 3, -4*f - 13 = 2*x - 43. Let o(h) = h**3 - h**2 - 7. Let a be o(f). Let k = a - -14. Is k composite?
True
Suppose -5*x + 58 = -2*c, 2*c + 35 = 3*x + c. Let o = -6 + x. Suppose w - 62 = -3*y + o*w, -4*y = -w - 60. Is y a composite number?
True
Suppose 6*v - 1133 = -5*v. Is v a prime number?
True
Suppose -2*o + 598 = -4*g, -g - 891 = -3*o + 2*g. Is o a composite number?
True
Suppose -3*d + 2591 = 4*o, 6*d = 4*o + 7*d - 2589. Is o a composite number?
False
Let z(v) = -v**3 + 26*v**2 - 28*v + 37. Is z(24) a composite number?
True
Suppose t - 2*t + 6 = 0. Suppose m = t*m - 110. Is m a composite number?
True
Suppose 0 = -5*b, 444 = -2*l + 4*l + 4*b. Suppose -5*t - l - 3 = 0. Is t/(-2) + 4/(-8) composite?
True
Let o be 354/24 - (-2)/8. Suppose 0 = 2*a + a - o. Suppose a*x + q - 396 = 0, 3*x + 2*x - q - 394 = 0. Is x composite?
False
Let d(q) = -q**3 - 2*q**2 - q - 1. Let r be d(-2). Let f(y) = -4400*y - 1. Let s be f(r). Is (4/6)/((-18)/s) a composite number?
False
Let p = 2 + 1. Let a be (3 - p)/(-1*2). Is 2 + (-98)/(-2) + a prime?
False
Is (-18)/(-18)*-74*(-13)/2 a composite number?
True
Let k(t) = -216*t + 7. Is k(-20) composite?
False
Suppose -6*p + 5*p = -2. Suppose 19 = p*b - 9. Is b a prime number?
False
Let c(z) = 4*z - 3. Let a be c(2). Suppose a*d = 87 + 18. Is d a prime number?
False
Let b = 13 - 42. Let l = 90 - b. Is l composite?
True
Let j(z) = 2*z**3 - 2 + 1 + 0*z**3 - 5*z**2 + 3. Is j(5) composite?
False
Let s(i) = -i**3 